et w(j) = -192*j + j**2 - s + 176*j - 6. Calculate w(17).
4
Let m(i) = 2*i**2 - 10*i - 4. Let j be m(9). Let u(g) = 0 + 59*g + 1 + 0 - j*g. Give u(-1).
10
Suppose 0 = 131*l - 112*l - 57. Let q(c) = 70*c - 204. Calculate q(l).
6
Let v(w) be the first derivative of -w**3/3 - 9*w**2/2 - 6*w + 1315. Give v(-8).
2
Let b(d) = d**2 - 2*d + 1. Let g be 96 - (-1 + 20/15)*9. Let x = -88 + g. Calculate b(x).
16
Let i be 8/(-4) - -3 - (-10)/5. Let g(r) = 100 - 6*r**3 - 3*r**i - 2*r - 2*r**2 + 0*r - 101. Suppose -3*b - 3*y - 19 = -4, -24 = 4*b + 5*y. Determine g(b).
8
Let c(x) = -x**3 + 6*x**2 + 31*x - 169. Let a be c(7). Let s(b) = -36*b. Determine s(a).
36
Let z(q) = 6*q - 38*q - 5*q**3 + 4*q**3 - 32*q**2 + 27 + 2*q. Let d be z(-31). Let x(b) = 9*b + 4. Calculate x(d).
-32
Suppose -3*v - 6 = -3*z, 0 = 4*v + 2*z - 4*z + 18. Let q(d) = d**2 + 8*d + 8. What is q(v)?
1
Suppose -s + 4*f - 123 = -6*s, -3*s - 4*f + 77 = 0. Let b(v) = -25*v + 573. Give b(s).
-2
Let m = 1 + -2. Let h(t) = -6*t + 8. Let j(g) be the second derivative of g**3/6 - g**2/2 + 17*g + 56. Let c(r) = m*h(r) - 4*j(r). What is c(6)?
8
Let r(s) be the third derivative of -s**6/60 + 7*s**5/30 + 3*s**4/2 + 5*s**3/6 - 64*s**2 + 8*s - 2. Give r(9).
5
Let w(b) be the first derivative of -b**6/360 - 7*b**5/120 - b**3/3 + 5*b**2/2 + 4. Let h(s) be the third derivative of w(s). What is h(-6)?
6
Suppose 2*k - 5 = -3*t - 4, 3*k - 3*t = 24. Let r(s) = -7 + 13*s - 10*s - k*s. Let u be r(-5). Let h(d) = d - 4. Give h(u).
-1
Suppose 0 = -w - 5 - 0. Let c(d) = 20133 - 302*d - 20136 + 303*d. Calculate c(w).
-8
Let b(t) = -5*t**2 - 3*t - 1. Let u(d) = -2 + 339*d + 122*d**2 - 341*d - 128*d**2. Suppose 3*c + 11 = -1. Let x(g) = c*u(g) + 5*b(g). What is x(-6)?
9
Let x(d) be the third derivative of -d**6/120 - d**4/8 - d**3/3 + 6*d**2 + 3*d. Let c be (-2*2 - (13 - 7)) + 7. Determine x(c).
34
Let j(c) = 2*c**2 + 20*c - 1. Let h(n) = -3*n + 1. Let z(s) = -2*h(s) - j(s). Suppose d + 12 - 5 = 0. Calculate z(d).
-1
Let f(v) be the third derivative of -v**5/60 - 11*v**4/24 - v**3/6 + 12*v**2. Let c = -431 + 421. Determine f(c).
9
Let n(x) = x**2 - 11*x + 7. Let p = -455 + 1030. Let o = 586 - p. Give n(o).
7
Let q(l) = 6*l**2 - 4162 + 8317 - 4156 - 14*l. Calculate q(3).
11
Let x(q) = 2*q + 3. Let s = 0 - 6. Let t be (-6 - (s - 6))*(-1 + 2). What is x(t)?
15
Let j(n) = n**3 - 5*n**2 - 5*n + 3. Let i = -682 + 688. Let b be (-12)/(3/i*-4). What is j(b)?
9
Suppose 4*w - w + 18 = 0. Let m(a) = -54*a + 9*a + 17*a + 9*a + 18*a. What is m(w)?
6
Let i(z) = 2 + z - 2. Let l = 713 - 391. Let m = -321 + l. Give i(m).
1
Let g(l) = -11*l**2 - 23*l - 8. Let q be g(-2). Let z(h) = h**3 + 5*h**2 - 8*h - 21. Calculate z(q).
-9
Let a = -11756 - -11799. Let f(d) be the second derivative of a*d - 1/20*d**5 - 2/3*d**4 + 0 + d**2 + 0*d**3. Give f(-8).
2
Let l(j) be the third derivative of -j**4/12 - 7*j**3/6 - 2*j**2 + 2820*j. Suppose -1 = 2*c - 7. Suppose 2*f + 10 = k, -k - 14 = f + c*k. Calculate l(f).
5
Suppose p + 6 = 9. Suppose -19*z - p*z = -66. Let v(l) = l**3 - 4*l**2 + 3*l - 4. Calculate v(z).
-4
Let n = 772 + -205. Let j = n - 573. Let q(g) = 4*g + 12. Calculate q(j).
-12
Let p be 5 - (-1 + 4) - 261/(-9). Suppose 3*b = n - 1 - 3, 2*b + 5*n = -p. Let j(a) = -a**3 - a**2 + a - 7. Determine j(b).
8
Let k(h) = -h + 5. Suppose -3*q - 4*d - 6 = 0, -d + 4 = 5*q + d. Let t(g) = -20 - 20 + q*g + 36. Let j(s) = 3*k(s) + 2*t(s). Determine j(-8).
-1
Let r(t) = -8*t**2 + 2*t**2 - 6*t + 5*t**2 + 15. Let q = -788 + 780. Determine r(q).
-1
Let s be 6*(2/(-4))/((-4)/8). Suppose -15 = s*t - 3. Let o be (0/(-6))/(-5) - (t + 5). Let a(k) = -2*k + 4. Determine a(o).
10
Suppose -2*d + 0 + 4 = 0. Let a(u) be the third derivative of -u**5/30 + u**4/12 - u**3/6 + 3293*u**2. What is a(d)?
-5
Let k(p) = -17*p**3 - 3*p**2 + 7*p - 3. Let r be k(1). Let f(v) = v + 11. Calculate f(r).
-5
Let p be (10/240)/((-17)/(-136)). Let t(h) be the first derivative of 20 - 2*h**2 - p*h**3 + h. Determine t(-4).
1
Suppose 5*q = 148 - 128. Suppose 2*o + 3*v + 3 = 0, -5*v + 2 = q*o + 11. Let p(c) = c**3 + 5*c**2 - 6*c + 2. Calculate p(o).
2
Let c(w) = 5*w**3 + 28*w**2 - 19*w - 3. Let f(v) = -3*v**3 - 23*v**2 + 16*v + 1. Let l(q) = -2*c(q) - 3*f(q). Calculate l(12).
27
Suppose -24*a = -26*a + 3*l + 25, 47 = 4*a - 5*l. Let p be 3/(6 + (-44)/a). Let i(h) = h**2 - 4*h - 1. What is i(p)?
11
Suppose -4*r = -16, 9*r = -3*s + 10*r + 14. Suppose 48 = -s*o + 54. Let q(x) be the first derivative of 7*x**2 + x - 4. Give q(o).
15
Let j(i) = 13*i + 443. Suppose 12*y = -2*o - 92, -224 = 5*o - 4*y - 62. Give j(o).
1
Let u be (-608)/(-285) + (-6)/45. Suppose 0 = 6*r - 229 + 43. Let d(g) = 2 - 1 - 35*g**u + r*g**2 - 2*g. What is d(1)?
-5
Let d(w) = 18*w - 6. Let a(x) = -19*x + 7. Let l(q) = 5*a(q) + 6*d(q). Let v(s) = -22*s + 1. Let p(z) = -5*l(z) - 3*v(z). Suppose t = 6*t - 10. Calculate p(t).
4
Let p(j) = 3*j - 8. Let v(z) = -1. Let h(i) = p(i) - 2*v(i). Let y(c) = -5*c + 12. Let q(k) = -7*h(k) - 4*y(k). Let n = 797 + -805. Calculate q(n).
2
Let v(t) = t**3 - 28*t**2 - 132*t + 35. Let l(d) = 19*d - 1. Let o(g) = -2*l(g) - v(g). What is o(31)?
-2
Let r(h) = 15*h + 73. Let i(a) = -2*a**3 + 10*a**2 + 11*a - 81. Let z be i(4). What is r(z)?
-2
Let h(z) = -z**3 - 8*z**2 + 14*z + 8. Let k = 22597 + -22607. Calculate h(k).
68
Let x(a) = 7*a**3 - 3*a**2 + 1. Suppose -9*n + 5*b + 27 = -8*n, n = -2*b - 8. Give x(n).
45
Let t(b) = -2*b**3 + 6*b**3 - 10*b**2 + 149*b - 159*b - 5*b**3 - 8. Calculate t(-9).
1
Let m(d) be the first derivative of -1/3*d**3 + 0*d + 29/2*d**2 - 31 + 7/24*d**4 - 1/60*d**5. Let q(c) be the second derivative of m(c). What is q(5)?
8
Let d(f) = f**2 - 2*f - 1. Let c(y) = 4*y**3 + 4*y**2 - 3*y + 2. Let m be c(3). Let g = -138 + m. What is d(g)?
2
Let m(o) = -o - 13. Let c be m(-8). Let f be (c/25*-5)/1. Let p(n) be the second derivative of n**5/20 + n**4/12 - n**3/6 - 162*n - 2. Determine p(f).
1
Let t(m) = -3. Let f(o) = o + 1. Let n be (-12 - -11) + 2/(-2)*-3. Let w(h) = n*t(h) + 3*f(h). What is w(3)?
6
Let u(d) = d - 6. Let y(l) = 11*l + 20*l + 17*l - 14 - 64*l + 18*l. Let t(m) = 14*u(m) - 5*y(m). What is t(6)?
10
Let x(h) = -13*h**2 + 2*h + 12*h**2 - 6*h + 2 + 5*h + h + 11*h**3. What is x(-1)?
-12
Let g be (2 - (-77)/(-21)) + (6 - 57/9). Let h(n) = n**3 + 4*n**2 - n - 5. Determine h(g).
5
Let o(r) = -17*r**3 - 40*r**2 - 32*r + 199. Let z(q) = 24*q**3 + 56*q**2 + 45*q - 281. Let t(k) = -17*o(k) - 12*z(k). Give t(-5).
44
Let d(x) be the third derivative of x**4/24 + 5*x**3 - 2*x**2. Suppose 5*z + 2597 - 2591 = -y, -2*y - 12 = 0. Calculate d(z).
30
Let z = 31 - 33. Let t(k) = 3*k**3 + 6*k**2 + 4*k + 4. Let q be t(z). Let c(y) = -2*y - 8. Let u(f) = -f - 4. Let g(j) = 3*c(j) - 5*u(j). What is g(q)?
0
Let m(h) = 3*h - 6. Suppose 5*u + 10*f = 11*f + 268, 2*u - 110 = -f. Suppose 5*k + 4*v - u = v, 0 = -4*v + 12. Calculate m(k).
21
Let f(n) = 2*n + 42. Let p(c) = c + 28. Let u(m) = 5*f(m) - 8*p(m). Suppose -k - 17 = 3*x, 7*k - 5*x = 8*k + 37. What is u(k)?
12
Let j(g) = g + 4. Let q(b) = 4*b - 4. Suppose -20*t + 18 = -22*t. Let r be q(t). Let k = r + 32. Give j(k).
-4
Let h(i) = 368*i + 52 - 126*i - 130*i - 123*i. Calculate h(5).
-3
Let y(m) = m**2 - 3*m - 87. Suppose -21*c - 4 = -19*c - 5*d, 0 = -3*c + 2*d - 17. Give y(c).
-17
Suppose 4*b + b + 13 = -4*k, -2 = k + b. Suppose -2*h + 4 = -4*j, 0 = k*h + 6*j - 2*j - 6. Suppose -18 + 12 = h*a. Let f(n) = n**2 + 4*n. Calculate f(a).
-3
Let k(m) = -3*m + 6*m - 2*m + m**2. Let t = -95 + 69. Let c(z) = z**2 + 26*z - 1. Let f be c(t). Calculate k(f).
0
Let g be 18/(-252)*7*0/((-2)/2). Let t(u) = -9*u - 7. Determine t(g).
-7
Let v = -72 + 78. Suppose -3*r - 21 = -4*p, 5*p + 5*r + 39 = 109. Let y be v/p - 256/24. Let j(a) = -a**3 - 11*a**2 - 12*a - 11. Give j(y).
9
Let o(z) = z**3 + 4*z**2 + z - 4. Let p be o(-3). Let x(c) = c**3 - 2*c + 0*c**3 - p*c + 1 - c**2. Suppose 18*j - 2*j = -20*j + 108. What is x(j)?
7
Let c(m) = -m + 11. Let j(k) = -2*k**2 - 26*k - 26. Let p be j(-11). Let h be (9 - p/(-27)) + (-1)/(-3). Calculate c(h).
1
Let q(w) be the third derivative of -5 - w**2 + 1/3*w**3 + 0*w + 1/12*w**4. Give q(-2).
-2
Let u(w) = -4001*w + 3*w**2 + 7996*w - 4006*w - 2*w**2 - 3. Calculate u(0).
-3
Let g(n) be the third derivative of n**6/40 -